of 2*(f/(-3))/(-1).
2, 41
Let z(q) = -19*q + 49. Let y(u) = -5*u + 12. Let h(o) = -9*y(o) + 2*z(o). Let x = -125 + 132. List the prime factors of h(x).
3, 13
Let y(a) = 4012*a**2 + 119*a + 119. List the prime factors of y(-1).
2, 17, 59
Let z(q) = -3*q**3 - 9*q**2 + 16*q. List the prime factors of z(-8).
2, 13
Suppose 4*g = 5*s - 18, -4*g - 12 = -2*s - 0*s. Suppose -8 = 2*c - 4*c, 4*t - 5*c = 732. Suppose -2*j = s*j - t. List the prime factors of j.
47
Suppose -616 = -h - 118. What are the prime factors of h?
2, 3, 83
Suppose -5*a + 11 = 1. Suppose -8*q = -a*q - 294. What are the prime factors of q?
7
Let t(d) = -d**3 + 4*d**2 - 1. Let c be t(3). Suppose 0 = -3*x + c*x - 135. What are the prime factors of x?
3
Suppose -2*l = -l - 57. What are the prime factors of ((-1)/3)/((-1)/l)?
19
Suppose 3*o - 4*o + 3 = 0. Suppose 2*k + 4*s = -s + 265, 0 = o*k + s - 430. List the prime factors of k.
5, 29
Suppose 0*p = -p + 26. Suppose -11*t + p + 7 = 0. List the prime factors of t.
3
Let a = 75 + -33. Suppose -o = -0*o - a. List the prime factors of o.
2, 3, 7
Let o(k) = -k**3 - 9*k**2 - 7*k + 12. Let i be o(-8). What are the prime factors of -1 - (0 + i)*31/(-4)?
2, 3, 5
Let b(y) = -y - 5. Let u be b(-7). List the prime factors of (u - 12/8)/((-3)/(-102)).
17
Let u(v) = 18*v**3 - 3*v**2 + 3*v - 1. Let j be u(1). Let a(s) = 8*s + 7. What are the prime factors of a(j)?
11, 13
Let i(v) = 10*v**2 + 3*v - 14. Let y(u) = -21*u**2 - 7*u + 29. Let f(n) = 13*i(n) + 6*y(n). List the prime factors of f(5).
7, 11
Let f = -1638 + 2309. What are the prime factors of f?
11, 61
Let x be ((-18)/(-15) + -2)*-5. Suppose 0 = u + c - 72, -x*u - 8*c + 291 = -3*c. Suppose -3*b = 3*f - u, -5*f + f + 52 = 2*b. What are the prime factors of b?
2, 5
Let w(v) = 13*v**2 - v - 91. List the prime factors of w(-8).
7, 107
Suppose 44 = -m + 112. Let o(g) = -g**3 - 5*g**2 + 4*g - 4. Let s be o(-6). Suppose -s*b + 124 = -m. What are the prime factors of b?
2, 3
Let k(y) = -3*y**2 + 118*y + 65. List the prime factors of k(39).
2, 13
List the prime factors of (-184)/138 + 15614/6.
3, 17
Let s(i) = 168*i + 134. List the prime factors of s(8).
2, 739
Let y(f) = -f**2 - 9*f + 3. Let a be y(-9). Suppose a*p - 44 = 28. Suppose -80 = -4*d + p. What are the prime factors of d?
2, 13
Let r = 1 - -4. Let y(p) = -5*p**2 + 0*p**2 + 6*p**2 - 2*p**2 - 4 + 11*p. What are the prime factors of y(r)?
2, 13
Suppose -d + 112 = 2*h, 3*h - 468 = -3*d - d. Suppose -d = -3*f + 3*j, 32 = f - 2*j - 5. List the prime factors of f.
43
Let i(h) = h**3 + h**2 - 11*h - 8. Let r be i(-8). Suppose n = -2 + 8. What are the prime factors of n/(-21) - r/14?
2, 13
Suppose -6*p - 3 = -15. Suppose -y + 44 = 2*j, 3*y + 112 = 6*y + p*j. What are the prime factors of y?
2, 17
Suppose 0 = -i - 5*a + 4*a + 320, 3*i + 5*a = 952. List the prime factors of i.
2, 3
List the prime factors of (-15)/(-12) + -2 - (-1571)/4.
2, 7
Let u be -3*(1 - 3/(-9)). Let f(g) = g**2 + 42*g + 2 - 43*g - 11. What are the prime factors of f(u)?
11
Let c be (8 - 8) + (-5)/(5/(-2)). Let n = 218 + c. List the prime factors of n.
2, 5, 11
What are the prime factors of -5 + (-2 - -5) + 1595 + 6?
3, 13, 41
Suppose 8*y = -14*y + 88. Let n be -8*1/2*-41. Suppose y*x = -36 + n. What are the prime factors of x?
2
Suppose -d + 77 = -4*t + 4, 0 = -2*d + 5*t + 131. List the prime factors of d.
53
Suppose 2 = -4*z - 2*l, 0*l + 2*l = -10. Suppose 0 = s + 2, z*m = -5*s + 175 - 5. List the prime factors of m.
2, 3, 5
Let o = -130 - -79. Let d = o + 4. What are the prime factors of (d - -4)/((-2)/2)?
43
Let u(v) = 163*v - 4. Let n be u(4). Let d = -344 + n. Suppose 3*m - 2*m - 1 = 0, 0 = -5*g - 4*m + d. What are the prime factors of g?
2, 3, 5
Suppose 0 = -5*b - 15, -3*w + 10 + 5 = b. Let o be (58/(-4))/((-5)/30). Suppose -4*r + z + 67 = w*z, z - o = -4*r. List the prime factors of r.
23
Let r = -1752 + 2608. List the prime factors of r.
2, 107
Let l = 12 + -8. Suppose 0 = l*m - h - 336, 0*h + 178 = 2*m + 2*h. List the prime factors of m.
5, 17
Let c = -4544 + 6572. List the prime factors of c.
2, 3, 13
Suppose 5*w = -q - 27, -4*q + 4*w = -2*q - 2. Let k be 12/10*945/(-54). Let d = q - k. List the prime factors of d.
2, 7
Let z(o) = 2*o**2 + 10*o - 7. Let p be (1/(-3))/((-4)/(-108)). List the prime factors of z(p).
5, 13
Suppose -4*g - 3 = -k + 11, 3*g = -k - 7. Suppose -k*n + 365 = -17. What are the prime factors of n?
191
Suppose 0 = 27*y - 14*y - 46969. What are the prime factors of y?
3613
List the prime factors of (818/(-7))/(2/(-7)).
409
What are the prime factors of 180 + (4 - 5) + 2?
181
Let n(d) = d**2 - 12*d + 31. Let z be n(8). Let w = 36 - 12. Let u = w - z. What are the prime factors of u?
5
Let l be (1 + 14)*(-7 + 8). Let r = 24 - l. List the prime factors of (132/16)/(r/24).
2, 11
Let z be 4/5 - 13/(-65). Let y(l) = 123*l**3 + l**2 - l. What are the prime factors of y(z)?
3, 41
Suppose -2*j + 8*j = 30. Suppose 8*q - j*q = 138. List the prime factors of q.
2, 23
List the prime factors of ((-2)/(-4))/(4/(3737 + -1)).
467
Suppose 0 = 3*p + 6*g - 2*g + 35, -4*p + g - 15 = 0. Let a be 0/(2 - (-1 - p)). Suppose a = -4*t + 24 + 4. List the prime factors of t.
7
Let c(q) = -3*q - 6. Let l be c(-3). Let u(k) = -k - 2. Let t be u(-6). Suppose -y + 10 + 8 = -l*v, 0 = -y + t*v + 17. List the prime factors of y.
3, 7
Let p(i) = 128*i + 28. List the prime factors of p(2).
2, 71
Suppose -130*i + 121*i + 4032 = 0. What are the prime factors of i?
2, 7
Let d(f) = 15*f**2 + 3*f - 14. What are the prime factors of d(4)?
2, 7, 17
Let l = -129 - -590. Let g be (2/(-4))/((-2)/476). Suppose -6*q - g = -l. List the prime factors of q.
3, 19
Let o(z) = -z**3 + z + 2. Let m(s) = s + 14. Let k be m(-13). Let x be (-4)/(-4) - 4/k. List the prime factors of o(x).
2, 13
Let k(h) = 10*h**2 + 3*h - 3 + 6*h + 14 + 8. What are the prime factors of k(-5)?
2, 7
Let u(r) = 5*r**2 - 13*r - 6. Let t be u(-9). Suppose 2*z + 688 = 4*q, 2*q = -q + 5*z + t. List the prime factors of q.
2, 43
Let d be 2*(189/2)/(-7). Let r = d + 33. Suppose -r*h - 265 = -11*h. What are the prime factors of h?
53
Suppose -5*c = 2*q - 3091, -2*c + 397 = 2*q - 843. List the prime factors of c.
617
Suppose -4*j + 1989 = -d, -2*d + 6*d + 20 = 0. List the prime factors of j.
2, 31
Suppose 391 + 101 = 3*j. What are the prime factors of j?
2, 41
Let v(l) = -12*l**2 + 7. Let s be v(3). What are the prime factors of (0 - s) + (-21)/7?
2, 7
List the prime factors of -1 + -2 + (-9)/(36/(-608)).
149
Let u(m) be the third derivative of 5*m**4/4 + 7*m**3/2 + 4*m**2. List the prime factors of u(6).
3, 67
Let m = 574 + -382. List the prime factors of m.
2, 3
Suppose -4*b + 426 = s, 10*s - 9*s + b - 411 = 0. List the prime factors of s.
2, 7, 29
Suppose 18*g - 4 = -4. Suppose -2*b + 5*b - 60 = 0. Suppose g*d = -2*d + b. List the prime factors of d.
2, 5
List the prime factors of 42/6 + 6/((-6)/(-2729)).
2, 3, 19
Suppose s - 51 = 4*f, 2*s - 7*s = 25. Let t = 19 + f. Suppose 0 = 5*w + t, -11 = -3*b + 2*w - 6*w. What are the prime factors of b?
5
Suppose -5*g - 2*s + 2662 = 0, 2417 - 286 = 4*g + 3*s. What are the prime factors of g?
2, 7, 19
Suppose -5*i - 3*w = -29, 3*i + 3*w - 4*w - 9 = 0. Suppose i*f - 1 = 3*f. What are the prime factors of (4/((-4)/(-27)))/f?
3
Let j = 1 + 0. Let h = 1 - j. Suppose p = -2*q + 31, p - 3*q - 12 - 4 = h. List the prime factors of p.
5
List the prime factors of (-8055)/(-18)*(-32)/(-5).
2, 179
Let o be -5 - 1 - (-1 - 0). Let v(c) = -c - 1. Let h(r) = 3*r + 4. Let g(a) = h(a) + 5*v(a). What are the prime factors of g(o)?
3
Let z be 10/12 - 2/(-12). List the prime factors of (-49 + z - -1)/(50/(-50)).
47
Suppose -3*k - 3*x = -63, -5*x = -k - x + 46. List the prime factors of k.
2, 13
Let x(p) = -2*p + 13. Let f be x(5). What are the prime factors of (-618)/4*(2 + (-12)/f)?
3, 103
Let y(a) = 2*a. Let k be y(-12). Let u = -1 + 2. Let b = u - k. List the prime factors of b.
5
Let m = -181 - -440. What are the prime factors of m?
7, 37
Suppose 3*x = 11*x - 160. Let y = x + 69. What are the prime factors of y?
89
Suppose -105 = -2*m + o, -3*o - 3 = 12. Suppose -m = -3*n + 2*n. List the prime factors of n.
2, 5
Suppose 0 = 10*u - 18 - 2. Suppose 5*q + 2*s - 1320 = 0, -5*s = -u*s. What are the prime factors o